a55a0 (base 13) in base 5?
-231241111
What is 12d29 (base 16) in base 14?
2014d
What is -48b22 (base 12) in base 13?
-35a17
-1544224 (base 10) to base 2
-101111001000000100000
1b0a472 (base 13) to base 11
5052090
bba1a0 (base 13) to base 2
10000110111010000110111
Convert 792db4 (base 15) to base 16.
583666
Convert -132026 (base 7) to base 8.
-60214
What is -444055 (base 7) in base 10?
-78244
-122122132132 (base 4) to base 16
-69a79e
-414784 (base 13) to base 11
-950954
1110101011101001101101 (base 2) to base 3
21020112120122
What is 230e4b (base 16) in base 11?
132a0a3
Convert -374 (base 11) to base 3.
-121110
What is 15155072 (base 8) in base 4?
31031220322
1423210222 (base 5) to base 8
16154567
What is 556508 (base 9) in base 6?
11044525
53193 (base 12) to base 15
224e9
What is 10445105 (base 6) in base 13?
b15a2
-13322465 (base 7) to base 11
-772114
Convert 15223 (base 11) to base 3.
1002120122
2546646 (base 7) to base 8
1207073
What is 4110226 (base 8) in base 13?
2c017c
126134 (base 7) to base 15
707b
Convert -1668260 (base 10) to base 4.
-12113102210
33334457 (base 8) to base 16
6db92f
What is -6b4bc1 (base 13) in base 4?
-21233032131
Convert -8ca25 (base 15) to base 4.
-1231110221
Convert -477d5 (base 15) to base 10.
-227900
-231a8a9 (base 12) to base 13
-1527b9a
Convert -101110110110000101 (base 2) to base 7.
-1426260
Convert -36210200 (base 9) to base 5.
-14010143444
What is 35751423 (base 8) in base 7?
123514342
Convert -62a37 (base 16) to base 8.
-1425067
38a3739 (base 11) to base 9
13634240
What is a1c40 (base 16) in base 3?
1020122220110
Convert -22112112101 (base 3) to base 9.
-275471
What is 211330254 (base 6) in base 16?
38a87a
173100 (base 8) to base 6
1203504
Convert 55242 (base 8) to base 2.
101101010100010
What is -22908 (base 13) in base 5?
-4004140
Convert -3a44c (base 13) to base 11.
-7448a
What is 190b22 (base 15) in base 6?
42032335
What is a381c (base 13) in base 6?
10143054
What is -724355 (base 8) in base 6?
-5050233
Convert -6ad7a (base 14) to base 15.
-5232c
What is -18ad2 (base 16) in base 5?
-11213244
What is -266112 (base 10) in base 9?
-445030
3590833 (base 10) to base 7
42343621
Convert -1334d3 (base 14) to base 11.
-412637
-c1168a (base 14) to base 6
-351123402
33062 (base 9) to base 14
7dc2
What is -167b298 (base 12) in base 3?
-22201220201222
Convert 354121 (base 9) to base 2.
110011111111101000
Convert 46141a0 (base 11) to base 6.
445005454
1066106 (base 9) to base 16
8c724
What is -50cd4 (base 14) in base 12?
-94762
-1212001022120 (base 3) to base 8
-3604026
Convert 38134 (base 14) to base 12.
67656
What is 2611161 (base 8) in base 10?
725617
-1000100011101111001 (base 2) to base 11
-181777
-135117 (base 15) to base 12
-389304
What is 68945 (base 10) in base 7?
405002
What is -811480 (base 10) in base 16?
-c61d8
-101211220002012 (base 3) to base 5
-2433434431
Convert -334432104 (base 6) to base 8.
-27213410
Convert -120112101100001 (base 3) to base 13.
-193035a
What is -672dd (base 16) in base 3?
-210110201122
212010021020 (base 3) to base 12
19b443
12043140 (base 5) to base 14
2ccd1
-101112221012110 (base 3) to base 2
-10101011001001110011000
4450611 (base 7) to base 15
ad006
21362601 (base 7) to base 6
103122423
9034c (base 13) to base 8
767124
What is 2b64a0 (base 12) in base 3?
1101102201210
7542160 (base 9) to base 3
21121102012000
What is 235117 (base 8) in base 5?
10033323
What is -6c47a1 (base 15) in base 7?
-62010025
What is 220354 (base 6) in base 11?
12814
Convert -d03cd (base 14) to base 15.
-9d302
Convert -1011010111010111110 (base 2) to base 15.
-75529
-102212101001 (base 3) to base 4
-321001033
-176110 (base 12) to base 3
-202112212210
What is -10215130 (base 8) in base 9?
-4065810
Convert -188109 (base 11) to base 15.
-5a93c
What is -20e690 (base 16) in base 8?
-10163220
-614448 (base 9) to base 12
-15688b
What is -5446080 (base 9) in base 4?
-23021320323
Convert 1323033323 (base 4) to base 7.
4201541
a6b99 (base 12) to base 13
78b52
What is -254e3 (base 15) in base 4?
-131013012
Convert -154046204 (base 7) to base 14.
-153b404
1020020111010201 (base 3) to base 11
9a76169
Convert -25455 (base 9) to base 10.
-17141
Convert -31336 (base 7) to base 15.
-244a
-2003002301 (base 4) to base 9
-1007252
What is 62ab (base 16) in base 7?
133433
What is -18b1db (base 16) in base 15?
-21e7d0
What is 121132332 (base 4) in base 2?
11001011110111110
-13448156 (base 9) to base 2
-11001010110011111000000
What is 92309 (base 12) in base 8?
564071
What is 2052031 (base 8) in base 6?
15410533
-210012220110 (base 3) to base 8
-1457560
What is 11110011001011 (base 2) in base 8?
36313
Convert -342b7 (base 15) to base 8.
-504155
Convert -187c79 (base 14) to base 9.
-1561042
2000824 (base 9) to base 15
1601d7
What is -1001031311 (base 4) in base 2?
-1000001001101110101
Convert 101000101110011111111 (base 2) to base 15.
1b5637
-2e21b9 (base 16) to base 9
-5617150
Convert -310336 (base 9) to base 10.
-183984
What is -253041234 (base 6) in base 7?
-56454316
Convert 466224 (base 8) to base 6.
3223300
Convert 2133203131 (base 4) to base 13.
19b60a
Convert -3501137 (base 9) to base 4.
-13031201230
What is 22431200 (base 5) in base 7?
1501032
29922b7 (base 12) to base 7
131262343
-212212010202 (base 3) to base 6
-14021545
What is 2203332303 (base 5) in base 8?
22065341
What is 12210303 (base 5) in base 14?
30572
11050411 (base 6) to base 14
89619
-513342 (base 6) to base 9
-62158
113322034 (base 5) to base 3
222202020201
Convert 2425016 (base 7) to base 15.
6188b
-79732 (base 11) to base 6
-2250004
Convert 20020001011110 (base 3) to base 9.
6201143
What is -195023 (base 10) in base 13?
-6a9ca
What is 3492344 (base 11) in base 7?
102536655
Convert 1213a (base 13) to base 16.
8195
Convert -1b8eb (base 15) to base 13.
-31b26
What is 9cf7 (base 16) in base 14?
10903
What is -712732 (base 9) in base 15?
-85058
Convert -13543646 (base 7) to base 14.
-251526
1103313032 (base 4) to base 8
1236716
What is -757753 (base 9) in base 5?
-103424431
What is -100001101001000001111 (base 2) in base 13?
-2c79a3
Convert -1971b7 (base 12) to base 3.
-211202022111
Convert 10232402 (base 6) to base 8.
1111662
1022212130 (base 4) to base 16
4a99c
Convert 43433143 (base 6) to base 3.
2102210222100
-484179a (base 11) to base 12
-29a97a7
Convert -41613030 (base 7) to base 12.
-1216956
What is a274 (base 11) in base 9?
20627
-100000010111011110110 (base 2) to base 5
-232414343
What is -10101001100000010000 (base 2) in base 10?
-694288
12111312122 (base 4) to base 3
10010110022222
What is 3aa3a (base 12) in base 4?
103301032
What is -43a416 (base 12) in base 2?
-100000110100011010010
Convert 7637317 (base 8) to base 12.
829013
Convert 6b6 (base 14) to base 13.
7ba
What is 3110322 (base 4) in base 15?
4086
What is 31103102313 (base 4) in base 3?
20120011010120
Convert 17365 (base 8) to base 16.
1ef5
Convert -840a3a (base 11) to base 8.
-5111201
21110234 (base 5) to base 6
3433222
What is -6166414 (base 7) in base 15?
-e9117
10020122122 (base 3) to base 16
f99b
What is -485a8 (base 11) in base 16?
-1112f
Convert 4a4b9 (base 12) to base 14.
28b01
Convert -db78b6 (base 14) to base 4.
-130113033120
1345553 (base 7) to base 6
3503452
-100001001000110111010 (base 2) to base 15
-166b22
What is -ab9b (base 16) in base 3?
-2020021002
403883 (base 9) to base 10
239106
Convert 2125504 (base 6) to base 7.
614650
-1771914 (base 10) to base 11
-10002a1
1112131323 (base 4) to base 2
1010110011101111011
What is 1a859a (base 12) in base 15?
947a4
Convert 2dd27 (base 14) to base 16.
1c18f
What is -164db (base 16) in base 15?
-1c105
What is 23440102 (base 5) in base 15?
44987
aa50 (base 13) to base 2
101110010101101
Convert 465a7 (base 11) to base 9.
112246
55a37 (base 14) to base 3
101120001122
-242526 (base 8) to base 5
-10131121
101212212022011 (base 3) to base 13
1276963
-102202220000021 (base 3) to base 10
-6257014
-75084 (base 11) to base 7
-633316
What is -51202 (base 10) in base 6?
-1033014
What is -12110000 (base 5) in base 15?
-237ba
-196eb (base 15) to base 13
-2b778
-850774 (base 14) to base 9
-8412487
Convert -12405111 (base 7) to base 8.
-4232641
What is -10300113201 (base 4) in base 16?
-1305e1
Convert -a98427 (base 14) to base 15.
-787b20
Convert